lculate 4 + -1 - (15 + -18).
6
0 + -6 + 2 - (0 - 0)
-4
Evaluate -7 + -2 + 3 - 0.
-6
What is the value of 1 + (-1 + -1 - -3) - 3?
-1
What is the value of 0 + 2 - (-5 - (-1 + -2))?
4
What is the value of -11 - -4 - (3 + -7)?
-3
What is -4 + 7 + (-5 - -2) - 1?
-1
What is -11 + (-12 - (-19 + -3))?
-1
Evaluate 3 + -1 + 6 + -3.
5
What is 3 + (17 - 8 - 17)?
-5
What is 7 + -8 + 2 + -6?
-5
What is 2 + (-15 - (0 + -8))?
-5
Calculate 0 + 3 + -6 + 1.
-2
What is -15 + (2 - (11 - 21))?
-3
Calculate (5 - 0) + (73 - 73).
5
Evaluate (8 - -5 - 9) + 5.
9
What is -3 - (1 - -10 - 7)?
-7
Evaluate 4 - (7 + 1) - 1.
-5
(5 - (-1 + 3)) + -6 + 3
0
Evaluate 13 + -12 + (2 - 2) - 10.
-9
What is -4 + 9 + -9 - -8?
4
Calculate 0 + 1 + 2 + -4 + 1.
0
Calculate 5 - (-7 + -5 + 14).
3
Calculate 0 - (-3 + 5) - (5 + -2).
-5
What is -14 - (2 - (14 + -6))?
-8
What is 2 - (1 + -5 + 1 - -4)?
1
What is the value of 3 + -3 + -5 + 9?
4
What is the value of 5 - -3 - (6 - -1)?
1
19 + -12 + (1 + -6 - -1)
3
What is 13 - (-1 + 13 - 5)?
6
Calculate 1 + -11 + 10 + -3.
-3
What is the value of (-2 - 2 - -2) + 0 + 0?
-2
Calculate (1 - -2) + (5 - (10 - 10)).
8
Evaluate 1 + -6 - -4 - -5.
4
-5 - (1 - (-2 - (6 - 10)))
-4
Calculate -5 + 0 - (-6 - -5).
-4
What is the value of -4 + 2 + -1 + -5 + 3?
-5
What is the value of 1 - (5 + 3 + (-1 - 2))?
-4
What is 0 + 0 + 3 + -2 - -2?
3
What is (16 - 13) + (1 - (3 - -3))?
-2
What is (-4 - (-7 + 5)) + 6?
4
Evaluate 2 - (-9 + 18 - 0).
-7
What is the value of 1 + -2 + (1 - 5)?
-5
Calculate (4 - -1) + -3 + -1.
1
What is the value of (1 - 5) + -1 + -4 + 13?
4
Evaluate (7 - 3) + -8 - (-1 + 2).
-5
Evaluate 6 + 0 + (4 - 11).
-1
What is the value of 7 + 1 + -4 + (4 - 3)?
5
Calculate -6 + 1 - (-6 + 2).
-1
What is 1 + -1 + (-2 + 1 - 0)?
-1
What is the value of 5 + -3 + (6 - 2 - 4)?
2
What is (-2 - -1) + -1 - (-5 - -5)?
-2
What is the value of (1 - 0) + (-5 - 0)?
-4
Evaluate 2 + -5 + (10 - (-1 + 10)).
-2
Evaluate -13 - (-7 - (-1 - 0)).
-7
-3 + 7 + -3 - -8
9
Calculate (-3 - -7) + -10 + 1.
-5
Evaluate 10 + 10 + 2 - 14.
8
8 + 9 + -8 + -2
7
What is the value of 70 + -62 - (-1 + 7)?
2
Calculate 4 + -2 + -8 - -8.
2
What is -2 + -1 + (-23 - -28)?
2
Evaluate (9 - 4 - 2) + (0 - 0).
3
What is the value of 1 + 6 + -5 + 0?
2
What is (-49 - -47) + 9 + -1?
6
What is the value of (-191 - -176) + 0 + 6?
-9
What is the value of -7 - (-2 - (7 + 4))?
6
Evaluate -3 + 10 + -5 - (-1 + 1).
2
What is -19 + 0 + (2 - -11)?
-6
Evaluate (-4 - (-1 + 3) - -7) + -5.
-4
Evaluate 1 + 1 + (3 - (0 - -10)).
-5
Evaluate 3 - (3 - (6 - 6)).
0
Evaluate 7 + -4 + 9 - (5 - 0).
7
What is the value of -2 + 7 + (-7 - -4)?
2
What is the value of 1 - -3 - (1 + 1 + -3)?
5
What is (-9 - -3 - -12) + (1 - 10)?
-3
Evaluate -5 - 1 - ((6 - 2) + -6).
-4
Evaluate -9 - (-4 - 1) - -8.
4
What is -4 + 2 - -2 - -3 - 2?
1
(0 - 0) + (-10 + 9 - -7)
6
What is the value of 31 - 36 - (-1 - -1)?
-5
What is ((-1 - -2) + 6 - 2) + -13?
-8
What is the value of (0 - (7 + -4)) + 0 + 2?
-1
What is -3 - ((-4 + 4 - -2) + -4)?
-1
What is the value of 3 - 7 - (-2 - (0 - -2))?
0
Calculate 6 + (-3 + -9 - 4).
-10
Calculate -7 + 0 + (2 - 5 - -5).
-5
Calculate 9 + -8 + 4 + -9.
-4
What is -18 - -11 - (-8 + 3)?
-2
What is the value of -29 - -36 - (3 - -1)?
3
What is -3 + (-11 + 7 - -3)?
-4
Calculate -2 + -8 + 2 + 4.
-4
What is the value of 3 + (-2 - (4 - 5))?
2
What is 0 + -5 - (0 - (-1 + 1))?
-5
(16 - (18 - 6)) + (0 - 2)
2
-9 - (-7 - (1 - 3))
-4
What is the value of -2 + 4 + (-11 - -6)?
-3
Calculate -5 + -6 + 13 - 6.
-4
What is -9 + 1 - (6 - 16)?
2
What is -5 + 3 + -4 + 6?
0
-4 - 2 - (-9 + 9)
-6
What is the value of 12 + (4 - 10 - (-2 + 3))?
5
What is the value of 5 + 0 + -9 - (2 - 8)?
2
Evaluate -4 + (0 + 5 - 3).
-2
What is the value of -5 + -15 + 8 + 10?
-2
What is the value of 1 + -7 - (10 - 11)?
-5
Evaluate 4 + 0 - (32 + -26).
-2
Evaluate -18 + 13 - (0 + -2 + 1).
-4
(-12 - -9) + 1 + 2 + -3
-3
Calculate -8 + (-1 - -5) - (-4 - 1).
1
What is the value of 1 - 0 - (13 + -14)?
2
Evaluate 6 + -6 + -2 + 1 + 6.
5
-3 + -1 + 3 + -4
-5
Calculate -2 - (6 + -2 + -1 - 6).
1
What is -1 + 5 + (3 - 6)?
1
(4 + -2 - (7 - -1)) + 7
1
Calculate -1 + 9 + (-15 - -9).
2
Evaluate -2 - 2 - (10 + -11).
-3
27 + -39 + (2 - (0 + -4))
-6
Evaluate (-12 - -1 - (39 + -42)) + 8.
0
Calculate 15 + -7 + (-1 - -1).
8
Calculate 2 + -1 + -7 - 1.
-7
Calculate -6 + 6 - (0 - -1).
-1
-1 - (-7 + 3 + 2)
1
Calculate 2 + (-3 - (3 - (0 - -2))).
-2
Evaluate 4 + (-2 - (-10 + 4)).
8
Evaluate 1 - -3 - (68 + -57).
-7
Calculate -1 - (-1 + -1 + 3 + -1).
-1
-7 + (-4 - -12) + -7 - -17
11
What is the value of 2 + -7 - -8 - (1 - 3)?
5
What is (3 - 1) + -15 + 12 - 1?
-2
Evaluate 0 - 6 - (7 + -9 - 5).
1
(-1 - 1) + (28 - 13 - 9)
4
2 + (8 + 0 - (-17 + 22))
5
Evaluate -8 - (3 + -17 + -2).
8
Calculate -3 - (24 + -14) - -13.
0
Calculate (-3 - (-6 + -7)) + -4.
6
-5 + 6 + 6 + -1 + -1
5
Calculate (-10 - (-16 + 5)) + (-2 - 5).
-6
What is (-3 - 5) + (-20 - -21)?
-7
Calculate -8 + 7 - 2 - 4.
-7
Calculate 3 + -1 + -2 + (2 - 4).
-2
Calculate 52 - 54 - (-14 + 3).
9
What is -101 - -104 - (-2 - -2)?
3
Calculate -3 + -1 + (1 - -5).
2
What is 4 + 1 + -4 + -5?
-4
What is -5 + -1 + (-15 + 7 - -6)?
-8
What is the value of -4 + -1 - (-2 + -2)?
-1
Evaluate (1 - (9 - -1)) + 6 + -1.
-4
What is the value of (1 - (-7 - -5)) + -6 + -1?
-4
-3 + (2 - 0) + (5 - 4)
0
-18 - -24 - (7 - -2)
-3
Evaluate 4 - -3 - (16 + -14).
5
Evaluate (-1 - -4) + -1 - 4.
-2
Calculate 4 - (2 + (1 - 0 - 3)).
4
-6 - (-3 - -6) - (-9 + 4)
-4
-86 - -87 - (-7 + 0)
8
4 + 5 - (-8 + 11)
6
Calculate -3 - 0 - (-3 + 4 - 1).
-3
What is 0 + 0 + 0 - (30 + -26)?
-4
0 + -3 + 4 - (12 + -12)
1
Evaluate (2 - (4 + 0)) + 2.
0
-3 - -9 - (1 - (6 - 7))
4
Calculate -3 + 3 - (-3 - (-8 - -3)).
-2
13 + -20 - (0 - 0)
-7
-2 + 0 - ((-3 - 3) + 4)
0
Calculate 15 + -12 + (0 - (2 + -2)).
3
What is the value of -2 + (-3 + 1 + 6 - 2)?
0
What is the value of 9 + 1 + (-2 - (2 + 0))?
6
What is (-8 - (-4 - 0 - -1)) + -4?
-9
2 + 2 - (-2 + 4)
2
-3 - (-4 + 4 + -1)
-2
Evaluate 12 - ((-6 - -29) + -4).
-7
Evaluate -2 - (-1 + -1 + 2 - -1).
-3
What is (-17 - (-11 - 7)) + -6 + 1?
-4
What is 6 - 5 - 1 - 2?
-2
What is -1 - (-1 - (1 + 1)) - 2?
0
-65 + 55 - (1 - 12)
1
What is the value of (-4 + 8 - 14) + 4?
-6
-5 - (5 + -10 + -1)
1
What is 3 + (3 - -3) + (-16 - -1)?
-6
Calculate 2 + -1 - (12 - 17).
6
What is the value of 9 + -1 + 17 + -23?
2
Evaluate 2 + 2 + (1 - (4 + -6)).
7
What is -5 + (5 - 0) + 1?
1
(-4 - 2 - 0) + 3
-3
Evaluate 0 - (4 - 0) - (-1 - -2).
-5
Calculate 12 + -12 + 6 - -1.
7
What is the value of -12 + (7 - -2) - -8?
5
Calculate (5 - (2 + -10 + 1)) + -4.
8
What is (-5 + 1 - 1) + 1 + 1?
-3
Calculate -4 + (7 - (5 + -2)).
0
Evaluate -5 - (5 - 8) - 3.
-5
What is 8 - 6 - (2 - 0)?
0
What is the value of 4 + 0 + 1 + (-3 - 0)?
2
What is the value of (-9 - -4) + -5 + 4 + -3?
-9
What is the value of -5 + (0 - (-2 + 2))?
-5
What is -10 + (10 - 4) + -8 + 7?
-5
Calculate 6 - (-2 - -1 - -3).
4
Evaluate -5 - -23 - (22 + -10).
6
Calculate -2 - (-10 - (-2 + 1)) - 3.
4
Calculate (7 - 8) + -5 + 6.
0
1 + -11 - (92 - 105)
3
Calculate (-4 - -1) + 5 - 5.
-3
What is 14 + -27 - (-7 + -13)?
7
Calculate 7 + -2 - (18 - 11).
-2
What is -1 + 4 - (43 + -38)?
-2
What is 6 + 2 + -12 + 7?
3
What is 2 + (-7 - -4) - 4?
-5
Calculate (0 - (-2 - 2)) + -2 + -2.
0
(2 - -3 - -3) + -4 + 0
4
-2 + 6 + (-36 - -32)
0
Evaluate (1 - (-7 - -1)) + -11.
-4
What is the value of -9 + (-3 - 6 - -11)?
-7
Evaluate 6 + -4 - (10 + -7 + 2).
-3
Evaluate 15 + -24 - (-4 + 5).
-10
What is 2 + 3 + (6 + -11 - -2)?
2
2 - (4 + 2) - (-15 - -7)
4
Calculate 18 + -9 + -2 + -2.
5
Calculate (3 - 4) + -2 - -4.
1
7 - (6 + -2 - -1)
2
(2 - 2 - 0) + 0 - -5
5
33 + -31 - (-1 + -1)
4
What is -5 + (0 - 5) + 10 + 5?
5
What is 2 - -1 - (-5 - (-8 + -1))?
-1
What is the value of (6 - (-10 - -7)) + -1?
8
What is 7 + (-17 - -12) - (1 - -1)?
0
What is -1 + (-8 - -5) + 10?
6
Calculate 3 + (1 - 1) + (-9 - -4).
-2
Calculate 17 + 1 + -21 + 4 + 9.
10
What is (-3 + -1 - (21 - 19)) + 12?
6
Evaluate -8 - (4 + -7) - -2.
-3
What is -6 - ((-2 - 1) + -2)?
-1
3 + (0 - (-2 - -4)) - 4
-3
Evaluate -4 - -8 - 5 - -1.
0
-6 + 7 + (-10 - -1) + 3
-5
-1 - (-1 + -2 - -1) - 5
-4
-6 + 7 + -8 + 3 + 3
-1
Evaluate 0 + 0 + (-19 - (4 + -22)).
-1
(-2 - (3 - 7)) + -5 - -8
5
What is (2 - (1 + -2)) + (0 - 0)?
3
Evaluate 3 - ((-1 - 